{"id":55,"date":"2025-09-04T11:58:16","date_gmt":"2025-09-04T09:58:16","guid":{"rendered":"https:\/\/blog.map-invasion.de\/?page_id=55"},"modified":"2025-09-07T17:18:40","modified_gmt":"2025-09-07T15:18:40","slug":"tools","status":"publish","type":"page","link":"https:\/\/blog.map-invasion.de\/startseite\/tools","title":{"rendered":"Tools"},"content":{"rendered":"\n<p><\/p>\n\n\n\n<p><\/p>\n\n\n\n<p class=\"has-medium-font-size\"><strong>Call of Duty<\/strong>:<\/p>\n\n\n\n<figure class=\"wp-block-table\"><table class=\"has-fixed-layout\"><tbody><tr><td>Name<\/td><td>Datum<\/td><td>Gr\u00f6\u00dfe<\/td><td>Download<\/td><\/tr><tr><td>CoD Radiant<\/td><td>2007<\/td><td>6,02 Mb<\/td><td>&#8230;<\/td><\/tr><\/tbody><\/table><\/figure>\n\n\n\n<p><\/p>\n\n\n\n<p><\/p>\n\n\n\n<p><\/p>\n\n\n\n<p><\/p>\n\n\n\n<p class=\"has-medium-font-size\"><strong>Call of Duty &#8211; United Offensive<\/strong>:<\/p>\n\n\n\n<figure class=\"wp-block-table\"><table class=\"has-fixed-layout\"><tbody><tr><td>Name<\/td><td>Datum<\/td><td>Gr\u00f6\u00dfe<\/td><td>Download<\/td><\/tr><tr><td>CoDUO Graydiant<\/td><td>2008<\/td><td>20,64 Mb<\/td><td>&#8230;<\/td><\/tr><\/tbody><\/table><\/figure>\n\n\n\n<p><\/p>\n\n\n\n<blockquote class=\"wp-block-quote has-small-font-size is-layout-flow wp-block-quote-is-layout-flow\">\n<p>*Ich \u00fcbernehme keine Haftung f\u00fcr Sch\u00e4den an Hard- oder Software die durch meine Tipps oder Downloads entstanden sind oder entstehen k\u00f6nnen. Desweiter sind die Downloads und Links explizit nicht auf Viren gepr\u00fcft. F\u00fcr Angebote von Drittanbietern \u00fcbernehme ich keine Haftung. Die Nutzung aller Downloads und Tipps erfolgt auf ausschlie\u00dflich eigene Gefahr.<\/p>\n<\/blockquote>\n","protected":false},"excerpt":{"rendered":"<p>Call of Duty: Name Datum Gr\u00f6\u00dfe Download CoD Radiant 2007 6,02 Mb &#8230; Call of Duty &#8211; United Offensive: Name Datum Gr\u00f6\u00dfe Download CoDUO Graydiant 2008 20,64 Mb &#8230; *Ich \u00fcbernehme keine Haftung f\u00fcr Sch\u00e4den an Hard- oder Software die durch meine Tipps oder Downloads entstanden sind oder entstehen k\u00f6nnen. [&hellip;]<\/p>\n","protected":false},"author":1,"featured_media":0,"parent":0,"menu_order":0,"comment_status":"closed","ping_status":"closed","template":"","meta":{"footnotes":""},"class_list":["post-55","page","type-page","status-publish","hentry"],"_links":{"self":[{"href":"https:\/\/blog.map-invasion.de\/startseite\/wp-json\/wp\/v2\/pages\/55","targetHints":{"allow":["GET"]}}],"collection":[{"href":"https:\/\/blog.map-invasion.de\/startseite\/wp-json\/wp\/v2\/pages"}],"about":[{"href":"https:\/\/blog.map-invasion.de\/startseite\/wp-json\/wp\/v2\/types\/page"}],"author":[{"embeddable":true,"href":"https:\/\/blog.map-invasion.de\/startseite\/wp-json\/wp\/v2\/users\/1"}],"replies":[{"embeddable":true,"href":"https:\/\/blog.map-invasion.de\/startseite\/wp-json\/wp\/v2\/comments?post=55"}],"version-history":[{"count":4,"href":"https:\/\/blog.map-invasion.de\/startseite\/wp-json\/wp\/v2\/pages\/55\/revisions"}],"predecessor-version":[{"id":216,"href":"https:\/\/blog.map-invasion.de\/startseite\/wp-json\/wp\/v2\/pages\/55\/revisions\/216"}],"wp:attachment":[{"href":"https:\/\/blog.map-invasion.de\/startseite\/wp-json\/wp\/v2\/media?parent=55"}],"curies":[{"name":"wp","href":"https:\/\/api.w.org\/{rel}","templated":true}]}}